Calculate the remainder when (2 - -1)/(o/44) is divided by 4.
2
What is the remainder when (44591/136)/(3/24) is divided by 35?
33
Let z(l) = -l**3 - l**2 + 56*l + 163. Calculate the remainder when 327 is divided by z(-3).
2
Suppose -4*u = -4*m + 424, 3*u - 73 = -2*m + 124. Let p = 16 + 40. Calculate the remainder when m is divided by p.
47
Suppose 41*a - 43*a + 156*a = 4466. Calculate the remainder when 259 is divided by a.
27
Suppose 2*i + r = -2*r - 2, -4 = 3*i + 5*r. Suppose 0*z + 104 = i*z. Let s = -3777 - -3783. What is the remainder when z is divided by s?
4
Let b be (48 - 2) + 6 + -2. Suppose -2*n = -4*y + b, 3*n - 51 = -3*y - 0*y. Suppose -11*s + y*s - 30 = 0. What is the remainder when 19 is divided by s?
9
Suppose 20*y - 392 = 3988. Calculate the remainder when 658 is divided by y.
1
Suppose 820 = 8*w - 4*w + 6*s, -4*w - s = -820. What is the remainder when 1628 is divided by w?
193
Let r(u) = -3*u - 9. Let j = -12705 - -12725. What is the remainder when j is divided by r(-8)?
5
Let h = 2665 + -2440. What is the remainder when h is divided by 80?
65
Let f = -41 + 59. Suppose -6 = 3*u - 3*h, -7*u + 5*h - f = -6*u. Suppose -4*i = -u*i - 80. Calculate the remainder when i is divided by 14.
12
Let v = 361 - 610. What is the remainder when 26 is divided by (-7)/(-49) + v/(-21) + -4?
2
Suppose -17*m + 4*m + 52 = 0. What is the remainder when 144/14*m*(-105)/(-20) is divided by 11?
7
Let k(t) = 2*t**2 - 4*t + 10. Let w be k(-5). Let h(d) = 83*d + 11*d**2 - 177*d + 3 - 9 + w*d - d**3. Calculate the remainder when h(7) is divided by 12.
8
Suppose -v + 64 - 27 = -4*y, -4*y = -5*v + 233. What is the remainder when (-1)/3 - 568/(-3) is divided by v?
42
Calculate the remainder when (2/3)/((-284)/(-297348)) is divided by 44.
38
Let i = -6558 - -6563. Calculate the remainder when 142 is divided by i.
2
Suppose 141*l - 83385 = -114*l. What is the remainder when l is divided by 10?
7
Let w(n) = -n**2 + 23*n + 15. Calculate the remainder when 6222 is divided by w(20).
72
Let s = -509 + 1310. Calculate the remainder when s is divided by 12.
9
What is the remainder when 10678 is divided by (440/(-32) + (8 - -5))*-32?
22
Let o = 362 + -342. Suppose 0 = 5*h - 95 + o. What is the remainder when h is divided by 8?
7
Let s(v) = 15*v**2 + 4*v - 20. Let b = 111 - 55. What is the remainder when s(-5) is divided by b?
55
Let n be (6 + -1)*8/10. Suppose -4 = n*j - 68. Calculate the remainder when j is divided by (-304)/(-64) - (-1)/4.
1
Suppose 0 = -5*w + 3*w + 42. Let h(i) = i**3 - 39*i**2 + 252*i + 60. Calculate the remainder when h(31) is divided by w.
16
Let x(f) = f - 3*f - 22 - f**2 - 12*f. Suppose 0 = -v, -2*v - 12 = a - 3*v. Calculate the remainder when 5 is divided by x(a).
1
Calculate the remainder when 4883 is divided by 16*8/32 - (-32 + (-4 - -3)).
36
Suppose -77*c + 71*c + 1170 = 0. Suppose c*z = 201*z - 3588. Calculate the remainder when z is divided by 30.
28
Let x(h) = -h**3 + 5*h**2 + 11*h - 58. Let q be x(10). Let g = q + 464. What is the remainder when 188 is divided by g?
12
Suppose 108 - 162 = -6*p. Suppose 0 = -3*u + 2*k + 81, -p*u + 3*k + 81 = -6*u. What is the remainder when 177 is divided by u?
15
Suppose 492 = 5*d - 2*i + 145, 5*d - 341 = -4*i. Suppose -171 = 4*p - 13*p. What is the remainder when d is divided by p?
12
What is the remainder when ((-10906)/(-665))/(((-7)/(-20))/7) is divided by 6?
4
Suppose 11*u - 1131 = 541. Suppose -9*a + u = -5*a. Calculate the remainder when 147 is divided by a.
33
Let b = -1981 - -2896. Let f = b - 540. Calculate the remainder when f is divided by 27.
24
Let p = -2092 + 2103. Calculate the remainder when 65 is divided by p.
10
Let s(t) = -t**3 - 9*t**2 + 19*t - 23. Suppose -o - 7 + 22 = -n, 24 = -4*n - 5*o. Calculate the remainder when 35 is divided by s(n).
5
Let m(p) = -p**2 - 8*p - 10. Let o be m(-6). Let z(a) = -6*a + 10. Let s be z(o). Let l = s - -9. What is the remainder when 34 is divided by l?
6
Let k(j) = j**3 + 11*j**2 - 34*j + 30. Let g be k(-9). Let o = 638 - g. Calculate the remainder when o is divided by 62.
16
Let s = 78 + -171. Suppose 1 = 4*a - 3, 0 = -5*u + 5*a + 150. Calculate the remainder when -3*(-10)/(-15) - s is divided by u.
29
Suppose 5*f - 3*k + 8*k - 150 = 0, 0 = -3*f + 5*k + 114. Suppose 14*r + 587 = 713. What is the remainder when f is divided by r?
6
What is the remainder when 697 is divided by 6 + (-484)/77 - (0 - (-443)/(-7))?
4
Suppose 111 = 3*v + 5*b + 107, 4*b + 4 = 0. Calculate the remainder when 164 is divided by v.
2
What is the remainder when 354 is divided by 37 - 582/(-12) - (-6)/(-4)?
18
Let k = 728 - 719. What is the remainder when 4766 is divided by k?
5
Suppose -3*d + 858 = 4*p - p, -3*p + 848 = -2*d. Calculate the remainder when 854 is divided by p.
2
Let k = 8784 + -8761. What is the remainder when 403 is divided by k?
12
Let u be (-12)/36 + 182/6. What is the remainder when 129 is divided by ((-186)/u)/(6/(-60))?
5
Suppose 4*v + 27*v - 14729 = -97. What is the remainder when v is divided by 58?
8
Suppose 4*l + 37 - 65 = 0. Let z(i) = 5*i**2 - 29*i - 14. Suppose -5*p + f = -409, 2*f = -p + 5*p - 332. Calculate the remainder when p is divided by z(l).
25
Suppose -b - 4*k + 13 = 0, 2*b = 5*k + 15 - 2. What is the remainder when 76 is divided by 34 - b*(-3)/(-9)?
14
Let w = -5413 + 5418. What is the remainder when 658 is divided by w?
3
Let p = -24 - -38. Let y = -73 + 78. Suppose p + y = h. What is the remainder when h is divided by 7?
5
Let w = 22071 + -21924. What is the remainder when 1178 is divided by w?
2
Let n be (-7544)/20 - 32/40. Let l = 441 + n. What is the remainder when 564 is divided by l?
60
Let c = 232 - 18. Suppose 30 = 2*m + 4*h, -4*m + 0*h = 5*h - 54. Suppose 4*i = m*i - 126. Calculate the remainder when c is divided by i.
16
What is the remainder when 5933 is divided by -31 - 4763/(-55) - 4/(-10)?
53
Suppose 32*v = -0*v + 128. Suppose 22 = 2*h - v*p, 2*h - 2*p = -7*p - 5. What is the remainder when 55 is divided by h?
0
Let h = 64 - -7. What is the remainder when 78 is divided by h?
7
Let v = 160 - 114. Suppose b = -6*b - 0*b + 2870. Calculate the remainder when b is divided by v.
42
Suppose 2*h - 2*r = -6, 0 = 4*h - 5*r - 2 + 15. Let m(d) = -21*d + 6*d - 11*d - 5 - 7*d. Calculate the remainder when m(h) is divided by 22.
17
Let g(o) = 3*o**3 + 4*o**2 - 13*o + 45. Let w be g(5). Let t = 463 - w. What is the remainder when 17 is divided by t?
1
Let j = -28652 - -28893. Calculate the remainder when 523 is divided by j.
41
Let z(j) = 29 - 3*j + 8*j + j - j. Suppose -2*m + 3*i + 6 = 0, 0 = -3*m + i + 4*i + 10. What is the remainder when z(m) is divided by 15?
14
Let d be -4030 + (-9)/(-45)*5. Calculate the remainder when 79 is divided by (-4)/3*d/316.
11
Let q(j) = 321*j - 4. Calculate the remainder when q(12) is divided by 56.
40
Suppose -36 = d - 3*b - 2*b, 5*d + 226 = 2*b. Let a = 18 + d. Let g = a - -45. What is the remainder when g is divided by 11?
6
Let h(i) = 13*i**3 - i**2 + 8*i - 6. Let b(l) = l**3 + 4*l**2 + 2. Let x be b(-4). Suppose -13 + 69 = x*t. What is the remainder when h(2) is divided by t?
26
Suppose 2*r + h = 5, 5*r - 29 = -4*h - 9. Suppose 3*n = 3, 3*c = -r*c - 5*n + 911. Calculate the remainder when c is divided by 38.
36
Suppose p - 4*i + 9 - 81 = 0, -2*i = 3*p - 272. What is the remainder when 5190 is divided by p?
86
Suppose 3*m + 2*x - 60 = 6, -46 = -2*m - 2*x. Let t(k) = -6146*k + 24612. What is the remainder when t(4) is divided by m?
8
Let g(f) = 17*f**2 + 24*f + 17. What is the remainder when 193 is divided by g(-2)?
8
Let j = -269 + 483. Let w(y) = -20*y**3 + 46*y**2 + 18*y - 17. What is the remainder when j is divided by w(2)?
42
Let u(l) = 3*l - 9. Let m be u(4). Suppose 3*i - 5*i + 5*g = -34, 3*i - m*g = 33. Calculate the remainder when 87 is divided by ((-20)/i)/(44/(-154)).
7
Suppose 0 = 5*h - 11*l + 16*l - 25, 4*l = 0. Suppose h*j - 51 = -u, -4*j + u + 56 = -2*u. Calculate the remainder when 39 is divided by j.
6
Let q = -3419 + 4086. Calculate the remainder when q is divided by 164.
11
Let s(o) = -o**3 - 24*o**2 - 12*o + 299. What is the remainder when s(-23) is divided by 33?
13
Let p(i) = i**2 + 33*i + 29. Calculate the remainder when p(-57) is divided by 28.
25
Suppose -4*r - 2*r = -5112. Su